inder when 15 is divided by b?
3
Let f = -72 - -109. Suppose -51 - 22 = -5*b + 2*k, 2*b - 46 = 5*k. What is the remainder when f is divided by b?
11
Calculate the remainder when (-4 + 1)/(12/(-232)) is divided by 15.
13
Suppose -4*j = -2*f - 38 + 126, -3*f + 117 = -j. Suppose b - 52 = -3*b. What is the remainder when f is divided by b?
12
Let i(j) = -2 - 4 - j**3 + 3*j - 6 + 10*j**2. Calculate the remainder when 35 is divided by i(10).
17
Suppose 20 = u - 4. Let z = 142 + -72. Calculate the remainder when z is divided by u.
22
Suppose 0*i - 2*i + 58 = 0. What is the remainder when i is divided by 8?
5
Suppose 3*d - 3*i - 66 = 0, i = d + 4*d - 90. Calculate the remainder when 83 is divided by d.
15
What is the remainder when 6/(1/(3/6)) is divided by 3?
0
Let w(x) = -2*x**2 - 8*x - 3. Calculate the remainder when w(-3) is divided by 3.
0
Suppose -2*p - 5 = -1. Let j = 17 + p. Calculate the remainder when 57 is divided by j.
12
Let c be 7/(-4) + 3/(-12). Calculate the remainder when (-1)/2 - (-41)/2 is divided by 2/2 - 12/c.
6
Calculate the remainder when 14 is divided by 10/5*(-8)/(-2).
6
What is the remainder when ((-2)/2)/(8/(3088/(-2))) is divided by 65?
63
Let i be (-66)/(-14) - (-4)/14. Suppose -4*n + 5*o - 25 = -0*n, i*n + 30 = 5*o. What is the remainder when (-118)/(-5) - 2/n is divided by 13?
11
Let u(l) = -l**2 - 7*l - 6. Let g be u(-6). Let m(i) be the third derivative of i**4/24 + i**3 - 2*i**2. What is the remainder when 16 is divided by m(g)?
4
Suppose -5*h - 65 = -10*h. Let l be ((24*1)/2)/2. What is the remainder when h is divided by (2 + -5)/(-3) + l?
6
Suppose 4*s - 1 - 19 = 0. Let f be (9/(-6))/((-2)/4). Suppose -1 = -f*l + 26. Calculate the remainder when l is divided by s.
4
Let o = -11 - -21. Suppose -u + 10 = 3*y, -8 = y - 3*y - u. Suppose 0 = 5*m, -2*m - 38 = -y*j - 4*m. Calculate the remainder when j is divided by o.
9
What is the remainder when 6*(-4)/(-3) - 4 is divided by 2?
0
Let g(k) = -k**2 + 2*k - 2. Let l be g(3). Let t = 12 + l. Calculate the remainder when (-2)/(-10)*-1 - 96/(-5) is divided by t.
5
Suppose 5*v - 126 = 49. Let z = v + -22. Calculate the remainder when 50 is divided by z.
11
Suppose y - 4*i - 196 = -3*y, -2*y = 4*i - 128. What is the remainder when y is divided by 16?
6
Let b(i) = i**3 + 8*i**2 + 9*i + 9. Let q be b(-7). Let r(c) = 2*c + 3. Let l be r(q). Let a = l - -42. What is the remainder when a is divided by 18?
17
What is the remainder when 34 is divided by (1 - -2) + (5 - -11)?
15
Let r = -383 - -402. Calculate the remainder when (-37)/(1*-1) + 0 is divided by r.
18
Suppose 3*j - 15 = 27. Suppose -3*m = 3*p - 168, -m + 2*m - 164 = -3*p. What is the remainder when p is divided by j?
12
Let q(f) = -f**3 - 4*f**2 - f - 7. Calculate the remainder when q(-5) is divided by 5/(-2)*(-72)/30.
5
Suppose 5*r = 14 + 6. Suppose r*j = -b + 56, -301 = -8*b + 3*b + j. Suppose b = w + 4*w. What is the remainder when 35 is divided by w?
11
Let t = -21 + 30. Calculate the remainder when t is divided by 3.
0
Calculate the remainder when (6/(-12))/(2/(-160)) is divided by 7.
5
Suppose -5*o = 3*r - 3*o + 72, -72 = 3*r + 3*o. Let a = 40 + r. Suppose -21 = -3*d + 6. Calculate the remainder when a is divided by d.
7
Let d(o) = o**2 - 9*o - 16. Let r be d(11). Let f = r - 2. What is the remainder when 15 is divided by f?
3
Suppose 13 - 134 = -11*j. What is the remainder when 52 is divided by j?
8
Let r = 79 + -55. Suppose 4*i - 5 = 15. Let a = r + i. Calculate the remainder when a is divided by 10.
9
Suppose 0 = -3*v + 124 + 23. Calculate the remainder when v is divided by 17.
15
Suppose 334 = 2*d - 5*w, 2*d = -5*w + 2*w + 334. What is the remainder when d is divided by 28?
27
Let g = -23 - -32. Let s = 39 - 13. Calculate the remainder when s is divided by g.
8
Let c be -3 + 2 + 0 + 1. Let q = c + 6. Let r(j) = -2*j + 9. Calculate the remainder when r(-7) is divided by q.
5
Suppose -3 = -2*v - 17. Let d(r) = -r**3 - 7*r**2 - r + 1. Suppose 51 = 3*b - 36. Calculate the remainder when b is divided by d(v).
5
Let w(k) = -8*k - 10. Let s be w(-8). Let m = s - 23. What is the remainder when m is divided by 11?
9
Suppose 2*r - 8 = 4*k - 76, -k = -5*r - 17. What is the remainder when 31 is divided by k?
14
Let t(r) = 2*r**3 + 3*r**2. Let q be t(-2). Let n = 2 - q. What is the remainder when 22 is divided by n?
4
Suppose -1 - 2 = -p - 4*d, p = -2*d + 3. Suppose 0 = 2*c + p*c - 85. Calculate the remainder when c is divided by 10.
7
Let t be (7 - (0 - -2)) + -3. Suppose -t*m - 2 = 0, -2*a = -2*m - 17 - 13. Calculate the remainder when 40 is divided by a.
12
Suppose 0 = c - 8 + 2. Let j = -12 + 12. Suppose -3*g - d + 18 = j, -21 + c = -5*d. What is the remainder when 8 is divided by g?
3
Suppose -q = 2*q - 30. Suppose -y + 3*y - q = 0. Suppose y*d + 2*s - 40 = -s, -3 = 2*d + 5*s. Calculate the remainder when 31 is divided by d.
9
Let v(m) = m + 66. Calculate the remainder when v(0) is divided by (-174)/(-10) - (-1 - 14/(-10)).
15
Let k = -84 - -120. What is the remainder when k is divided by 14?
8
Suppose -10*l = -16*l + 222. Calculate the remainder when 108 is divided by l.
34
Suppose m - 4*l - 4 = 0, -5*m + l = -3*l - 20. Let f = 19 - 13. What is the remainder when f is divided by m?
2
Let p(l) = 4*l**2 + l - 1. Calculate the remainder when 33 is divided by p(2).
16
Suppose -3 = 2*a + 3, 4*r = -a - 15. Let t = r + 35. Calculate the remainder when t is divided by 17.
15
Let k(f) = 0*f + f**2 - 5*f + 2 + f. Let w = 1 - -3. What is the remainder when k(5) is divided by w?
3
Let p = 12 + 1. Let z = 30 + -22. What is the remainder when p is divided by z?
5
Let o = -58 + 18. Calculate the remainder when 1 + 0 - 1 - o is divided by 21.
19
Suppose 3*m - 2*m + 3*w = 7, -5*w + 33 = 3*m. Let k = m - 12. Calculate the remainder when k is divided by 3.
1
Let x(g) = g**3 + 9*g**2 - g + 3. Calculate the remainder when (28/(-6))/(2/(-15)) is divided by x(-9).
11
Let s be -17*(2 + 1 + -7). Suppose 3*k - s = -k. What is the remainder when 33 is divided by k?
16
Suppose 106 = 4*g - 2*q, g - 4*q + 152 = 6*g. Calculate the remainder when g is divided by 15.
13
Let w = 15 + 3. Let a = w - 1. Let s(f) = -49*f**3 - f - 1. What is the remainder when s(-1) is divided by a?
15
Suppose 6*l - 2*l = -j - 97, 3*l + 282 = -3*j. Let k = j - -158. What is the remainder when k is divided by 17?
14
Suppose -5*m + 105 = -85. Suppose -2*i + 10 = 4*w, w - 3*i - 21 = -2*w. Let t = 17 - w. Calculate the remainder when m is divided by t.
12
Let v(j) = 6*j**2 - 1. Let o be v(-1). Suppose -o*w + 32 = 4*p, -4*p = -2*p + 2*w - 18. Calculate the remainder when p is divided by 7.
6
Suppose -5*k + 26 = -2*l + l, -5*k - l + 34 = 0. Let f be 4/(-6) + 40/k. What is the remainder when ((-4)/f)/((-4)/138) is divided by 8?
7
Suppose -t - 3*t - 50 = -2*i, -55 = -4*i - t. Calculate the remainder when (1 - 2)*1 - -29 is divided by i.
13
Suppose 1 + 3 = c. Suppose -q + 4 = c*o, 5*o - 5 = -q + 1. Suppose -3*n + b = -34, -3*b + o = -n + 8. What is the remainder when 34 is divided by n?
10
Suppose 0 = -3*p - 25 + 7. Let k = -1 - -4. What is the remainder when (-60)/8*4/p is divided by k?
2
Let b(f) = -f**2 - 8*f + 1. Let p = 7 + 39. What is the remainder when p is divided by b(-3)?
14
Suppose 11*h - 8 = 47. Suppose -4*o + 3*t = -t, -3*o = 3*t - 12. Calculate the remainder when h is divided by o/4*(-1 + 7).
2
Let v(j) = -4*j**2 + 29*j + 8. Suppose 113 = 3*g + 26. What is the remainder when g is divided by v(7)?
14
Let d(h) be the second derivative of h**5/20 - 2*h**4/3 + h**3 + h**2/2 - h. Let b be d(5). Let o = b - -75. Calculate the remainder when o is divided by 11.
9
Let j be ((-8)/12)/((-4)/(-6)). Let i = j + 3. Let o(n) = 22*n - 3. What is the remainder when o(i) is divided by 14?
13
Let d(g) = -g**2 - 6*g - 6. What is the remainder when 3 is divided by d(-3)?
0
Suppose -51 = -4*f + 17. Suppose -3*a = -25 - 2. Calculate the remainder when f is divided by a.
8
Let s = -7 - -15. Suppose -5*a + 4*m = 1, 3*a - 5*m + 5 = -6. Calculate the remainder when s is divided by a.
2
Calculate the remainder when 26 is divided by 4/22 + 760/55.
12
Let d(c) = c**2 - 2*c + 3. Suppose 6 = 4*j - j. Let u be d(j). What is the remainder when 29 is divided by ((-1)/u)/(3/(-90))?
9
Let j = 4 + 1. 